 the greatest common factor of 244 and 671?
61
Calculate the greatest common divisor of 148 and 962.
74
Calculate the highest common divisor of 63 and 1365.
21
What is the greatest common divisor of 11911 and 43?
43
Calculate the highest common factor of 369 and 82.
41
Calculate the greatest common divisor of 5240 and 200.
40
Calculate the highest common divisor of 83 and 83.
83
What is the greatest common divisor of 24741 and 45?
9
What is the highest common factor of 5355 and 850?
85
Calculate the greatest common factor of 13536 and 288.
288
Calculate the highest common divisor of 35322 and 6.
6
Calculate the highest common factor of 19 and 551.
19
Calculate the highest common divisor of 204 and 72.
12
What is the greatest common factor of 8650 and 50?
50
What is the highest common factor of 17 and 1207?
17
What is the highest common factor of 252 and 90?
18
What is the greatest common factor of 160 and 44?
4
Calculate the highest common divisor of 368 and 69.
23
What is the highest common divisor of 64 and 8?
8
What is the highest common factor of 903 and 336?
21
What is the greatest common divisor of 12 and 9?
3
Calculate the highest common factor of 63 and 105.
21
Calculate the highest common divisor of 12 and 348.
12
Calculate the greatest common factor of 168 and 70.
14
What is the highest common factor of 57 and 1311?
57
What is the greatest common divisor of 584 and 16?
8
Calculate the highest common factor of 451 and 1271.
41
What is the greatest common factor of 959 and 548?
137
Calculate the highest common divisor of 1968 and 24.
24
What is the greatest common divisor of 2195 and 1?
1
What is the greatest common factor of 32 and 864?
32
What is the highest common divisor of 1408 and 448?
64
What is the greatest common divisor of 28 and 644?
28
Calculate the highest common divisor of 456 and 8322.
114
Calculate the highest common factor of 8029 and 7.
7
Calculate the highest common divisor of 144 and 816.
48
What is the highest common divisor of 46 and 7360?
46
What is the highest common factor of 255 and 561?
51
Calculate the greatest common divisor of 3268 and 76.
76
What is the greatest common factor of 232 and 344?
8
What is the greatest common divisor of 60 and 444?
12
Calculate the highest common divisor of 959 and 21.
7
What is the highest common divisor of 305 and 244?
61
What is the highest common factor of 208 and 9412?
52
What is the highest common factor of 285 and 76?
19
Calculate the highest common divisor of 1099 and 628.
157
Calculate the greatest common divisor of 5 and 38.
1
What is the greatest common factor of 96 and 88?
8
Calculate the highest common factor of 1390 and 10.
10
Calculate the greatest common factor of 11 and 4.
1
Calculate the greatest common divisor of 1100 and 8.
4
Calculate the highest common divisor of 301 and 1161.
43
Calculate the greatest common factor of 47 and 376.
47
Calculate the greatest common divisor of 3380 and 650.
130
Calculate the highest common factor of 108 and 54.
54
What is the highest common factor of 34144 and 1056?
352
Calculate the highest common factor of 828 and 1196.
92
What is the highest common factor of 833 and 98?
49
Calculate the highest common divisor of 160 and 10.
10
Calculate the greatest common divisor of 1246 and 28.
14
What is the highest common divisor of 744 and 279?
93
What is the greatest common divisor of 3829 and 14?
7
Calculate the highest common factor of 38 and 266.
38
What is the greatest common factor of 83 and 20833?
83
Calculate the highest common divisor of 308 and 138292.
308
Calculate the greatest common divisor of 392 and 4424.
56
Calculate the highest common divisor of 8 and 276.
4
What is the greatest common divisor of 370 and 962?
74
Calculate the highest common factor of 24 and 183.
3
Calculate the greatest common factor of 65 and 169.
13
What is the greatest common factor of 5 and 580?
5
Calculate the highest common factor of 45 and 4617.
9
Calculate the greatest common factor of 408 and 1088.
136
Calculate the highest common divisor of 135 and 20.
5
What is the greatest common factor of 264 and 6792?
24
Calculate the highest common factor of 2612 and 36.
4
Calculate the greatest common divisor of 1898 and 292.
146
Calculate the greatest common divisor of 30 and 855.
15
Calculate the greatest common divisor of 66 and 3454.
22
Calculate the highest common factor of 76 and 36.
4
Calculate the highest common factor of 310 and 10.
10
What is the highest common divisor of 2400 and 96?
96
Calculate the highest common divisor of 128 and 368.
16
What is the highest common factor of 28 and 112?
28
Calculate the highest common factor of 19 and 3382.
19
What is the greatest common divisor of 777 and 21?
21
Calculate the highest common divisor of 1144 and 40.
8
Calculate the greatest common factor of 282 and 4.
2
What is the greatest common divisor of 243 and 7533?
243
Calculate the greatest common factor of 40 and 320.
40
Calculate the greatest common factor of 29216 and 88.
88
Calculate the highest common factor of 225 and 94725.
225
Calculate the highest common divisor of 8470 and 630.
70
What is the greatest common factor of 2847 and 273?
39
What is the greatest common divisor of 1674 and 378?
54
Calculate the greatest common divisor of 29 and 13.
1
Calculate the highest common divisor of 11 and 1793.
11
Calculate the greatest common factor of 39 and 13.
13
Calculate the greatest common divisor of 143 and 182.
13
What is the highest common factor of 116 and 3161?
29
Calculate the highest common factor of 81 and 5751.
81
What is the greatest common divisor of 243 and 27?
27
Calculate the highest common factor of 6666 and 2.
2
Calculate the greatest common divisor of 5239 and 31.
31
What is the highest common factor of 1 and 7?
1
What is the highest common divisor of 341 and 62?
31
What is the greatest common divisor of 252 and 144?
36
What is the greatest common factor of 20 and 1690?
10
Calculate the greatest common divisor of 30 and 40.
10
Calculate the highest common factor of 6 and 138.
6
Calculate the greatest common divisor of 51 and 136.
17
Calculate the greatest common divisor of 286 and 110.
22
Calculate the greatest common factor of 144 and 160.
16
What is the highest common factor of 187 and 153?
17
Calculate the greatest common divisor of 80236 and 104.
52
What is the highest common factor of 4326 and 84?
42
Calculate the greatest common factor of 1953 and 42.
21
What is the highest common factor of 2015 and 18941?
403
What is the highest common factor of 5 and 205?
5
What is the greatest common factor of 168 and 714?
42
Calculate the highest common factor of 2589 and 12.
3
What is the greatest common factor of 1125 and 18?
9
Calculate the greatest common factor of 682 and 7874.
62
Calculate the greatest common divisor of 468 and 52.
52
What is the greatest common divisor of 165 and 3410?
55
Calculate the greatest common divisor of 19 and 9101.
19
Calculate the highest common factor of 1859 and 22.
11
Calculate the greatest common factor of 144 and 9648.
144
What is the greatest common factor of 1679 and 2409?
73
Calculate the highest common factor of 506 and 184.
46
What is the greatest common factor of 464 and 116?
116
Calculate the highest common divisor of 113 and 36612.
113
Calculate the highest common factor of 1104 and 288.
48
What is the greatest common factor of 41 and 2419?
41
What is the greatest common factor of 2542 and 123?
41
Calculate the greatest common divisor of 242 and 66.
22
Calculate the highest common factor of 498 and 1577.
83
Calculate the highest common divisor of 70 and 2135.
35
What is the greatest common factor of 41 and 11?
1
What is the highest common divisor of 1 and 43?
1
What is the highest common factor of 101 and 808?
101
Calculate the greatest common factor of 3392 and 64.
64
What is the greatest common factor of 56 and 5558?
14
What is the greatest common divisor of 260 and 820?
20
What is the greatest common divisor of 12 and 1656?
12
Calculate the highest common divisor of 432 and 516.
12
What is the greatest common factor of 13653 and 1332?
333
Calculate the highest common factor of 14 and 798.
14
Calculate the highest common divisor of 324 and 6084.
36
Calculate the greatest common facto